 of a(h).
2, 17
Suppose -732 = 2*x - 6*x. List the prime factors of x.
3, 61
Suppose 5*j + 8 = 9*j. Suppose 20 = 4*k, -3*w + k + 117 = -j*k. List the prime factors of w.
2, 11
Let s be (-40)/20 + (10 - -1) + -1. Suppose -10*q = -s*q - 202. List the prime factors of q.
101
What are the prime factors of (0 + (-658)/(-2))/1?
7, 47
Let w = -24 - -46. Let j = 156 + -162. Let g = w + j. List the prime factors of g.
2
Let j be 0/(-6*(-1)/(-2)). Suppose j = -2*s + 15 + 5. Suppose -2*i + s = -0. List the prime factors of i.
5
Let f(q) = -4*q**2 + 3*q - 9. Let r be f(4). Let t = r + 111. What are the prime factors of t?
2, 5
Let h(n) be the second derivative of 5*n**3/3 + 19*n**2/2 - 19*n. List the prime factors of h(7).
89
Let p(n) = n**2 + 10*n - 7. Let g be p(-12). Suppose -2*d + 17 = -d - 3*j, -5*j - g = 4*d. Suppose 23 = -d*q + 73. What are the prime factors of q?
5
List the prime factors of (-415)/(-83)*(2/1 + 93).
5, 19
Let j = 47 + -83. Let z = j + 48. List the prime factors of z.
2, 3
Let d = 10 - 7. Suppose 0 = -d*w + 5*w - 60. Suppose 2*x + x = 2*r + w, 3*x - 4*r = 36. List the prime factors of x.
2
Suppose t - 3498 = 2*w - 735, -3*t + w + 8269 = 0. List the prime factors of t.
5, 19, 29
Let r be (-1)/(-7) - 14787/217. What are the prime factors of 87/58*3/((-6)/r)?
3, 17
Let k = -1558 + 4345. What are the prime factors of k?
3, 929
Let c be 6/8*(-48)/(-18). Suppose -c*b + 246 = -4*o, 4*b + 7*o = 2*o + 466. What are the prime factors of b?
7, 17
Suppose 0 = -w - 2*d + 28, -6*d = -4*w - 4*d + 62. Suppose 387 = 5*s - w. What are the prime factors of s?
3
List the prime factors of (-9 - (-6 - -2)) + 618.
613
Suppose 0 = -2*a - 5*c + 2020, 0 = 5*a - 0*c + 2*c - 5029. List the prime factors of a.
3, 5, 67
Let g(c) = -c + 8*c**2 - c - 59 + 53 - 3*c**2. List the prime factors of g(8).
2, 149
Let z be 3*-6*(-8)/12. Let o(c) = c**3 - 9*c**2 - 17*c - 4. Let u be o(z). Let v = u + -157. What are the prime factors of v?
67
Suppose 5*a = b - 5, -3*b = -0*b + a + 1. Let v(y) = -y**2 + 130. List the prime factors of v(b).
2, 5, 13
Let j(s) = -s**2 - 11*s + 1. Suppose -2*a = -2*v - 26, -a + 5 - 3 = 0. Let r be j(v). List the prime factors of (2 - r)/((-4)/(-88)).
2, 11
Let a = -442 - -660. List the prime factors of a.
2, 109
Let y = -12 - -25. Suppose -y = -7*b + 1. Let d = 48 - b. What are the prime factors of d?
2, 23
Suppose -4*z = 5*h - 371, 139 = 4*z - 3*h - 240. Suppose -5*s + z = -21. Let v = s - 5. What are the prime factors of v?
2, 3
Suppose 0 = l + 5, m - 4*l = -m + 1016. List the prime factors of m.
2, 3, 83
Let m(u) = -6*u - 51. Let p be (1 + (-1)/(-1))*(-84)/7. What are the prime factors of m(p)?
3, 31
List the prime factors of -7 - (-107 + 42/7).
2, 47
Suppose d - s = 281, -10*d + s = -13*d + 863. List the prime factors of d.
2, 11, 13
Let f = 3621 - 69. List the prime factors of f.
2, 3, 37
Let z(j) = 3*j + 29. Let g be z(-6). Let l(p) = -p**2 - p + 1. Let o(w) = -w**2 - 12*w + 17. Let r(f) = -2*l(f) + o(f). What are the prime factors of r(g)?
2, 13
List the prime factors of 30*(-180)/(-50) + -2.
2, 53
List the prime factors of ((-120)/(-90))/(1 + 224/(-225)).
2, 3, 5
Let k(n) = -n**3 - 13*n**2 - 14*n - 18. Let f be k(-12). Let z(o) = 6*o - 23. List the prime factors of z(f).
13
Let i(o) = -o**2 - 6*o - 5. Let v be i(-4). List the prime factors of (-2)/v + 1/((-3)/(-344)).
2, 3, 19
Let n = 0 + 1. Let u be 3 - -1 - 3 - n. Suppose 3*y + u*y = 24. List the prime factors of y.
2
Let y(l) = 2*l**3 - 4*l**2 - 6*l - 13. List the prime factors of y(7).
3, 5, 29
Let t(c) = -100*c + 10. What are the prime factors of t(-2)?
2, 3, 5, 7
Suppose -9*b - b + 30830 = 0. List the prime factors of b.
3083
Suppose 8*j - 3*j - 17 = -3*u, -u + 2*j = -2. Suppose 0 = 2*r - u*r + 142. List the prime factors of r.
71
Suppose 8*r - 5*f - 10 = 3*r, 4*r + f = 8. Let l = -13 + 24. Let w = l - r. List the prime factors of w.
3
Let i(q) = 4*q - 14. Let x be i(6). Let u be 378/45 + (-4)/x. What are the prime factors of 5/(-20) - (-258)/u?
2
Let r(b) = -b**2 + 11*b + 1. Let j be r(11). Let d be 3 + (j - 3)/2. Suppose -a + d*g + 3 = -3, -g - 23 = -3*a. List the prime factors of a.
2
Let i(l) = 140*l - 547. What are the prime factors of i(13)?
19, 67
Let u(j) = -j**2 + 10*j + 6. Let y(n) = -3*n**2 + 21*n + 11. Let z(l) = 5*u(l) - 2*y(l). Let w be z(-6). Let s = w - -23. List the prime factors of s.
19
Let j(c) be the second derivative of 3*c**4/2 + c**3/6 - c**2/2 + 13*c. What are the prime factors of j(1)?
2, 3
Suppose -3*j = -0*s - s - 17, -3*s + 19 = 5*j. Let t be (1 - s)*(-56)/(-6). Suppose 0 = -o + w + 12, 0 = -2*o + w + t. What are the prime factors of o?
2
Suppose b = -0 - 9. Let w(n) = -n**2 - 10*n - 4. What are the prime factors of w(b)?
5
Let w be 6/10*(6 - -9). Let d(h) = h + 14. Let f(j) = -1. Let q(n) = d(n) - 3*f(n). List the prime factors of q(w).
2, 13
Suppose -5*h + 4 = -3*h. Let y be 4*1/h - -44. List the prime factors of y/4 - (-7)/(-14).
11
Let g be (-1)/(18/(-4)) + (-630)/(-81). Suppose -u = -5*u + g, 0 = -3*a + 3*u + 852. What are the prime factors of a?
2, 11, 13
Let t = 4751 + -2359. List the prime factors of t.
2, 13, 23
Let l = 3 + 30. What are the prime factors of l?
3, 11
Let f(v) = -10*v**3 - v**2 - v. Let o be f(-1). Suppose -11*c = -o*c - 101. List the prime factors of c.
101
Suppose 2*m = 8, -1051 + 399 = -2*z - 2*m. What are the prime factors of z?
2, 7, 23
Suppose -2*o + 5*o = -2*q + 550, 0 = -2*q + 10. List the prime factors of o.
2, 3, 5
Let r(c) = -5*c**3 - 2*c**2 + 3*c + 3. Suppose 5*p - 125 = 5*x, -82 = 2*x - 3*p - 29. Let v = 20 + x. List the prime factors of r(v).
29
Let k(g) = -g**3 + 23*g**2 + 30*g - 3. Let l be (-12)/24 - (-49)/2. What are the prime factors of k(l)?
3, 47
Let k = -211 + 404. List the prime factors of k.
193
Let u be 4014/8 + (-3)/12*-1. Suppose -497 = -3*s - 5*j + j, -j - u = -3*s. List the prime factors of s.
167
Let o = 1515 + 211. What are the prime factors of o?
2, 863
Let g(t) = 17*t**2 - 9*t - 10. Let f be g(-4). Let w = f + -105. List the prime factors of w.
193
Let n = 15 - 19. What are the prime factors of (-2)/n - 108/(-24)?
5
Let u(p) = -p**3 + 5*p**2 + 7*p - 2. Let t be u(6). Suppose -753 = -t*n - 4*o - 293, 4*o = -16. List the prime factors of n.
7, 17
What are the prime factors of (-80)/(-8) + -7 + 3887?
2, 5, 389
Let l be 30/(-20)*(-4)/3. Let a be (l + -6)*3/(-2). Let b(n) = n + 9. List the prime factors of b(a).
3, 5
Let r(c) be the second derivative of -2*c**3/3 + 17*c**2/2 - 2*c. Suppose -4*i - 8 = 4*t, i = 3*i - 10. What are the prime factors of r(t)?
3, 5
Suppose 2*q - 220 = 5*z - 0*z, 2*q - 220 = 3*z. Suppose a - q = p, 0 = a + a - p - 215. What are the prime factors of a?
3, 5, 7
Let s be 5/(-10) + (-410)/4. Let o = s - -154. Suppose 2*a + h = o, 99 = 4*a - 0*h - h. List the prime factors of a.
5
Let m = 453 - 273. List the prime factors of m.
2, 3, 5
Suppose 3*l + 67 = 4. Let f be 18*1/(9/l). Let i = 12 - f. What are the prime factors of i?
2, 3
Let j(d) = d**2 - 23*d - 50. Let k be j(25). Suppose k*a + a - 66 = 0. List the prime factors of a.
2, 3, 11
Suppose 0 = -i - 4*o + 16, -i + 6*o = 3*o + 5. Suppose -2*c = b - 124, -c = -0*c - i*b - 53. What are the prime factors of c?
61
Let v(d) be the second derivative of -d**5/20 + 5*d**4/12 + 5*d**3/6 + 3*d**2/2 + 50*d. What are the prime factors of v(3)?
2, 3
Suppose -3*k = -12*k + 4644. List the prime factors of k.
2, 3, 43
Let x = 72 + -68. List the prime factors of ((-330)/12 - x)*(0 + -4).
2, 3, 7
Let q(x) = 4*x**2 - 30*x - 46. What are the prime factors of q(15)?
2, 101
Let x(s) = 23*s + 0 + 7*s + 28*s - 1. List the prime factors of x(3).
173
Let q = -2632 - -1772. Let y be 4/(-22) - q/11. Suppose x + x = -c + y, 2*x - 2*c = 72. List the prime factors of x.
2, 19
Let q(g) = 3*g**3 - 16*g**2 + 14*g - 22. Let a(h) = -13*h**3 + 64*h**2 - 55*h + 89. Let y(z) = -2*a(z) - 9*q(z). What are the prime factors of y(15)?
5
Let o(v) = 4*v**2 + 51*v - 10. Let a be o(-20). Suppose 6*y - a = 426. List the prime factors of y.
2, 83
Let j be 1974/(-84) + (-5)/(-2). Let k = 84 - 151. Let i = j - k. List the prime factors of i.
2, 23
Suppose -8*w + 11*w = 0. Suppose w*j + 3 = j. What are the prime factors of j - ((4 - 6) + -12)?
17
Suppose 3*d + 0*d - 2*p = 